{"id":25,"date":"2022-05-30T02:17:05","date_gmt":"2022-05-30T02:17:05","guid":{"rendered":"https:\/\/demo.ovatheme.com\/podover\/?page_id=25"},"modified":"2022-11-21T10:59:55","modified_gmt":"2022-11-21T10:59:55","slug":"anasayfa","status":"publish","type":"page","link":"https:\/\/www.necmettintetik.com\/","title":{"rendered":"Anasayfa"},"content":{"rendered":"\t\t<div data-elementor-type=\"wp-page\" data-elementor-id=\"25\" class=\"elementor elementor-25\">\n\t\t\t\t\t\t\t\t\t<section class=\"elementor-section elementor-top-section elementor-element elementor-element-55153b4 elementor-section-height-min-height elementor-section-boxed elementor-section-height-default elementor-section-items-middle\" data-id=\"55153b4\" data-element_type=\"section\" data-settings=\"{&quot;background_background&quot;:&quot;classic&quot;}\">\n\t\t\t\t\t\t\t<div class=\"elementor-background-overlay\"><\/div>\n\t\t\t\t\t\t\t<div class=\"elementor-container elementor-column-gap-wide\">\n\t\t\t\t\t<div class=\"elementor-column elementor-col-100 elementor-top-column elementor-element elementor-element-d6e62d6\" data-id=\"d6e62d6\" data-element_type=\"column\">\n\t\t\t<div class=\"elementor-widget-wrap\">\n\t\t\t\t\t\t\t\t\t<\/div>\n\t\t<\/div>\n\t\t\t\t\t\t\t<\/div>\n\t\t<\/section>\n\t\t\t\t<section class=\"elementor-section elementor-top-section elementor-element elementor-element-5548443 elementor-section-boxed elementor-section-height-default elementor-section-height-default\" data-id=\"5548443\" data-element_type=\"section\" data-settings=\"{&quot;background_background&quot;:&quot;classic&quot;}\">\n\t\t\t\t\t\t\t<div class=\"elementor-background-overlay\"><\/div>\n\t\t\t\t\t\t\t<div class=\"elementor-container elementor-column-gap-default\">\n\t\t\t\t\t<div class=\"elementor-column elementor-col-100 elementor-top-column elementor-element elementor-element-9beb61f\" data-id=\"9beb61f\" data-element_type=\"column\">\n\t\t\t<div class=\"elementor-widget-wrap elementor-element-populated\">\n\t\t\t\t\t\t\t\t<div class=\"elementor-element elementor-element-ecba740 elementor-widget elementor-widget-ovau_elementor_audio_2\" data-id=\"ecba740\" data-element_type=\"widget\" data-widget_type=\"ovau_elementor_audio_2.default\">\n\t\t\t\t<div class=\"elementor-widget-container\">\n\t\t\t\n    <div class=\"ovau-audio-2\">\n                    <iframe title=\"Spotify Embed: 44.B\u00f6l\u00fcm &quot;\u015eifal\u0131, sihirli incirler&quot;\" style=\"border-radius: 12px\" width=\"100%\" height=\"152\" frameborder=\"0\" allowfullscreen allow=\"autoplay; clipboard-write; encrypted-media; fullscreen; picture-in-picture\" loading=\"lazy\" src=\"https:\/\/open.spotify.com\/embed\/episode\/2zRTC9YdaXmFtMlKI4ce80?si=e4c4c8a9830148e4&#038;utm_source=oembed&#038;auto_play=false&#038;buying=true&#038;liking=true&#038;download=true&#038;sharing=true&#038;show_comments=true&#038;show_playcount=true&#038;show_user=true&#038;show_artwork=true\"><\/iframe>            <\/div>\n\t\t<\/div>\n\t\t\t\t<\/div>\n\t\t\t\t\t<\/div>\n\t\t<\/div>\n\t\t\t\t\t\t\t<\/div>\n\t\t<\/section>\n\t\t\t\t<section class=\"elementor-section elementor-top-section elementor-element elementor-element-7c0dc5b elementor-section-height-min-height elementor-section-boxed elementor-section-height-default elementor-section-items-middle\" data-id=\"7c0dc5b\" data-element_type=\"section\" data-settings=\"{&quot;background_background&quot;:&quot;classic&quot;}\">\n\t\t\t\t\t\t\t<div class=\"elementor-background-overlay\"><\/div>\n\t\t\t\t\t\t\t<div class=\"elementor-container elementor-column-gap-wide\">\n\t\t\t\t\t<div class=\"elementor-column elementor-col-100 elementor-top-column elementor-element elementor-element-b4201bd\" data-id=\"b4201bd\" data-element_type=\"column\">\n\t\t\t<div class=\"elementor-widget-wrap\">\n\t\t\t\t\t\t\t\t\t<\/div>\n\t\t<\/div>\n\t\t\t\t\t\t\t<\/div>\n\t\t<\/section>\n\t\t\t\t<section class=\"elementor-section elementor-top-section elementor-element elementor-element-4dcf4f8 elementor-section-boxed elementor-section-height-default elementor-section-height-default\" data-id=\"4dcf4f8\" data-element_type=\"section\">\n\t\t\t\t\t\t<div class=\"elementor-container elementor-column-gap-default\">\n\t\t\t\t\t<div class=\"elementor-column elementor-col-100 elementor-top-column elementor-element elementor-element-bcf1004\" data-id=\"bcf1004\" data-element_type=\"column\">\n\t\t\t<div class=\"elementor-widget-wrap elementor-element-populated\">\n\t\t\t\t\t\t\t\t<div class=\"elementor-element elementor-element-7b2ae3a elementor-widget elementor-widget-podover_elementor_blog_grid_2\" data-id=\"7b2ae3a\" data-element_type=\"widget\" data-widget_type=\"podover_elementor_blog_grid_2.default\">\n\t\t\t\t<div class=\"elementor-widget-container\">\n\t\t\t\t\t\n\t\t<ul class=\"ova-blog-2  columns3\">\n\t\t\t\t\t\t\t<li class=\"item\">\n\n\t\t\t\t    <div class=\"media\">\n\t\t\t        \t\t\t\t        \t<img decoding=\"async\" src=\"https:\/\/i0.wp.com\/www.necmettintetik.com\/wp-content\/uploads\/2025\/06\/1Blue-Wood.jpg?fit=1472%2C832&#038;ssl=1\" alt=\"THE BIG STORY OF A SMALL SIGN\">\n\t\t\t\t\t\t\t\t\t        <\/div>\n\n\t\t\t\t    <div class=\"content\">\n\t\t\t\t        <ul class=\"post-meta\">\n\t\t\t\t\t    \t\n\t\t\t\t\t\t    \n\t\t\t\t\t\t\t\t\t\t\t\t\t\t\n\t\t\t\t\t    <\/ul>\n\t\t\t\t\t\n\n\t\t\t\t\t\t\t\t\t\t            <h2 class=\"post-title\">\n\t\t\t\t\t\t        <a href=\"https:\/\/www.necmettintetik.com\/index.php\/2025\/06\/16\/the-big-story-of-a-small-sign\/\" rel=\"bookmark\" title=\"THE BIG STORY OF A SMALL SIGN\">\n\t\t\t\t\t\t          THE BIG STORY OF A SMALL SIGN\t\t\t\t\t\t        <\/a>\n\t\t\t\t\t\t    <\/h2>\n\t\t\t\t\t    \t\t\t\t\t   \n\t\t\t\t\t<\/div>\n\t\t\t\t\t\n\t\t\t\t<\/li>\t\n\t\t\t\t\t\n\t\t\t\t\t\t\t<li class=\"item\">\n\n\t\t\t\t    <div class=\"media\">\n\t\t\t        \t\t\t\t        \t<img decoding=\"async\" src=\"https:\/\/i0.wp.com\/www.necmettintetik.com\/wp-content\/uploads\/2025\/06\/Blue-Wood.jpg?fit=1472%2C832&#038;ssl=1\" alt=\"K\u00dc\u00c7\u00dcK B\u0130R SEMBOL\u00dcN B\u00dcY\u00dcK H\u0130KAYES\u0130\">\n\t\t\t\t\t\t\t\t\t        <\/div>\n\n\t\t\t\t    <div class=\"content\">\n\t\t\t\t        <ul class=\"post-meta\">\n\t\t\t\t\t    \t\n\t\t\t\t\t\t    \n\t\t\t\t\t\t\t\t\t\t\t\t\t\t\n\t\t\t\t\t    <\/ul>\n\t\t\t\t\t\n\n\t\t\t\t\t\t\t\t\t\t            <h2 class=\"post-title\">\n\t\t\t\t\t\t        <a href=\"https:\/\/www.necmettintetik.com\/index.php\/2025\/06\/16\/kucuk-bir-sembolun-buyuk-hikayesi\/\" rel=\"bookmark\" title=\"K\u00dc\u00c7\u00dcK B\u0130R SEMBOL\u00dcN B\u00dcY\u00dcK H\u0130KAYES\u0130\">\n\t\t\t\t\t\t          K\u00dc\u00c7\u00dcK B\u0130R SEMBOL\u00dcN B\u00dcY\u00dcK H\u0130KAYES\u0130\t\t\t\t\t\t        <\/a>\n\t\t\t\t\t\t    <\/h2>\n\t\t\t\t\t    \t\t\t\t\t   \n\t\t\t\t\t<\/div>\n\t\t\t\t\t\n\t\t\t\t<\/li>\t\n\t\t\t\t\t\n\t\t\t\t\t\t\t<li class=\"item\">\n\n\t\t\t\t    <div class=\"media\">\n\t\t\t        \t\t\t\t        \t<img decoding=\"async\" src=\"https:\/\/i0.wp.com\/www.necmettintetik.com\/wp-content\/uploads\/2024\/12\/Cizirtinin-Kalbindeki-Ruh-Plaklar-scaled.jpg?fit=2560%2C1447&#038;ssl=1\" alt=\"C\u0131z\u0131rt\u0131n\u0131n Kalbindeki Ruh: Plaklar\">\n\t\t\t\t\t\t\t\t\t        <\/div>\n\n\t\t\t\t    <div class=\"content\">\n\t\t\t\t        <ul class=\"post-meta\">\n\t\t\t\t\t    \t\n\t\t\t\t\t\t    \n\t\t\t\t\t\t\t\t\t\t\t\t\t\t\n\t\t\t\t\t    <\/ul>\n\t\t\t\t\t\n\n\t\t\t\t\t\t\t\t\t\t            <h2 class=\"post-title\">\n\t\t\t\t\t\t        <a href=\"https:\/\/www.necmettintetik.com\/index.php\/2024\/12\/18\/cizirtinin-kalbindeki-ruh-plaklar\/\" rel=\"bookmark\" title=\"C\u0131z\u0131rt\u0131n\u0131n Kalbindeki Ruh: Plaklar\">\n\t\t\t\t\t\t          C\u0131z\u0131rt\u0131n\u0131n Kalbindeki Ruh: Plaklar\t\t\t\t\t\t        <\/a>\n\t\t\t\t\t\t    <\/h2>\n\t\t\t\t\t    \t\t\t\t\t   \n\t\t\t\t\t<\/div>\n\t\t\t\t\t\n\t\t\t\t<\/li>\t\n\t\t\t\t\t\n\t\t\t\t\t\t\t<li class=\"item\">\n\n\t\t\t\t    <div class=\"media\">\n\t\t\t        \t\t\t\t        \t<img decoding=\"async\" src=\"https:\/\/i0.wp.com\/www.necmettintetik.com\/wp-content\/uploads\/2024\/12\/kaset.jpg?fit=1472%2C832&#038;ssl=1\" alt=\"Kasedin \u0130kinci Bahar\u0131: Dijital \u00e7a\u011fa nostaljik bir selam!\">\n\t\t\t\t\t\t\t\t\t        <\/div>\n\n\t\t\t\t    <div class=\"content\">\n\t\t\t\t        <ul class=\"post-meta\">\n\t\t\t\t\t    \t\n\t\t\t\t\t\t    \n\t\t\t\t\t\t\t\t\t\t\t\t\t\t\n\t\t\t\t\t    <\/ul>\n\t\t\t\t\t\n\n\t\t\t\t\t\t\t\t\t\t            <h2 class=\"post-title\">\n\t\t\t\t\t\t        <a href=\"https:\/\/www.necmettintetik.com\/index.php\/2024\/12\/04\/kasedin-ikinci-bahari-dijital-caga-nostaljik-bir-selam\/\" rel=\"bookmark\" title=\"Kasedin \u0130kinci Bahar\u0131: Dijital \u00e7a\u011fa nostaljik bir selam!\">\n\t\t\t\t\t\t          Kasedin \u0130kinci Bahar\u0131: Dijital \u00e7a\u011fa nostaljik bir selam!\t\t\t\t\t\t        <\/a>\n\t\t\t\t\t\t    <\/h2>\n\t\t\t\t\t    \t\t\t\t\t   \n\t\t\t\t\t<\/div>\n\t\t\t\t\t\n\t\t\t\t<\/li>\t\n\t\t\t\t\t\n\t\t\t\t\t\t\t<li class=\"item\">\n\n\t\t\t\t    <div class=\"media\">\n\t\t\t        \t\t\t\t        \t<img decoding=\"async\" src=\"https:\/\/i0.wp.com\/www.necmettintetik.com\/wp-content\/uploads\/2023\/11\/dFQROr7oWzulq5Fa5K8Esoa4G6Q1phjq4SWLwoPvzFNE5jCAqjxscSCynbgrZUgkkGg.webp?fit=1280%2C720&#038;ssl=1\" alt=\"BEATLES, Y\u00dcZ\u00dcKLER\u0130N EFEND\u0130S\u0130 VE 53 YILLIK KAYIP B\u0130R \u015eARKININ H\u0130KAYES\u0130 &#8220;\u015e\u0130MD\u0130 VE SONRA&#8230;&#8221;\">\n\t\t\t\t\t\t\t\t\t        <\/div>\n\n\t\t\t\t    <div class=\"content\">\n\t\t\t\t        <ul class=\"post-meta\">\n\t\t\t\t\t    \t\n\t\t\t\t\t\t    \n\t\t\t\t\t\t\t\t\t\t\t\t\t\t\n\t\t\t\t\t    <\/ul>\n\t\t\t\t\t\n\n\t\t\t\t\t\t\t\t\t\t            <h2 class=\"post-title\">\n\t\t\t\t\t\t        <a href=\"https:\/\/www.necmettintetik.com\/index.php\/2023\/11\/05\/4179\/\" rel=\"bookmark\" title=\"BEATLES, Y\u00dcZ\u00dcKLER\u0130N EFEND\u0130S\u0130 VE 53 YILLIK KAYIP B\u0130R \u015eARKININ H\u0130KAYES\u0130 &#8220;\u015e\u0130MD\u0130 VE SONRA&#8230;&#8221;\">\n\t\t\t\t\t\t          BEATLES, Y\u00dcZ\u00dcKLER\u0130N EFEND\u0130S\u0130 VE 53 YILLIK KAYIP B\u0130R \u015eARKININ H\u0130KAYES\u0130 &#8220;\u015e\u0130MD\u0130 VE SONRA&#8230;&#8221;\t\t\t\t\t\t        <\/a>\n\t\t\t\t\t\t    <\/h2>\n\t\t\t\t\t    \t\t\t\t\t   \n\t\t\t\t\t<\/div>\n\t\t\t\t\t\n\t\t\t\t<\/li>\t\n\t\t\t\t\t\n\t\t\t\t\t\t\t<li class=\"item\">\n\n\t\t\t\t    <div class=\"media\">\n\t\t\t        \t\t\t\t        \t<img decoding=\"async\" src=\"https:\/\/i0.wp.com\/www.necmettintetik.com\/wp-content\/uploads\/2023\/06\/mezzanine_468.jpg?fit=1406%2C790&#038;ssl=1\" alt=\"\u0130STER \u0130NAN \u0130STER \u0130NANMA!\">\n\t\t\t\t\t\t\t\t\t        <\/div>\n\n\t\t\t\t    <div class=\"content\">\n\t\t\t\t        <ul class=\"post-meta\">\n\t\t\t\t\t    \t\n\t\t\t\t\t\t    \n\t\t\t\t\t\t\t\t\t\t\t\t\t\t\n\t\t\t\t\t    <\/ul>\n\t\t\t\t\t\n\n\t\t\t\t\t\t\t\t\t\t            <h2 class=\"post-title\">\n\t\t\t\t\t\t        <a href=\"https:\/\/www.necmettintetik.com\/index.php\/2023\/06\/22\/ister-inan-ister-inanma\/\" rel=\"bookmark\" title=\"\u0130STER \u0130NAN \u0130STER \u0130NANMA!\">\n\t\t\t\t\t\t          \u0130STER \u0130NAN \u0130STER \u0130NANMA!\t\t\t\t\t\t        <\/a>\n\t\t\t\t\t\t    <\/h2>\n\t\t\t\t\t    \t\t\t\t\t   \n\t\t\t\t\t<\/div>\n\t\t\t\t\t\n\t\t\t\t<\/li>\t\n\t\t\t\t\t\n\t\t\t\t\t\t\t<li class=\"item\">\n\n\t\t\t\t    <div class=\"media\">\n\t\t\t        \t\t\t\t        \t<img decoding=\"async\" src=\"https:\/\/i0.wp.com\/www.necmettintetik.com\/wp-content\/uploads\/2023\/04\/38549_b_3716.jpg?fit=1920%2C1080&#038;ssl=1\" alt=\"ZAMANSIZ B\u0130R M\u00dcNZEV\u0130, \u00d6L\u00dcMS\u00dcZ B\u0130R ERM\u0130\u015e                                     HAL\u0130L C\u0130BRAN\">\n\t\t\t\t\t\t\t\t\t        <\/div>\n\n\t\t\t\t    <div class=\"content\">\n\t\t\t\t        <ul class=\"post-meta\">\n\t\t\t\t\t    \t\n\t\t\t\t\t\t    \n\t\t\t\t\t\t\t\t\t\t\t\t\t\t\n\t\t\t\t\t    <\/ul>\n\t\t\t\t\t\n\n\t\t\t\t\t\t\t\t\t\t            <h2 class=\"post-title\">\n\t\t\t\t\t\t        <a href=\"https:\/\/www.necmettintetik.com\/index.php\/2023\/04\/08\/zamansiz-bir-munzevi-olumsuz-bir-ermis-halil-cibran\/\" rel=\"bookmark\" title=\"ZAMANSIZ B\u0130R M\u00dcNZEV\u0130, \u00d6L\u00dcMS\u00dcZ B\u0130R ERM\u0130\u015e                                     HAL\u0130L C\u0130BRAN\">\n\t\t\t\t\t\t          ZAMANSIZ B\u0130R M\u00dcNZEV\u0130, \u00d6L\u00dcMS\u00dcZ B\u0130R ERM\u0130\u015e                                     HAL\u0130L C\u0130BRAN\t\t\t\t\t\t        <\/a>\n\t\t\t\t\t\t    <\/h2>\n\t\t\t\t\t    \t\t\t\t\t   \n\t\t\t\t\t<\/div>\n\t\t\t\t\t\n\t\t\t\t<\/li>\t\n\t\t\t\t\t\n\t\t\t\t\t\t\t<li class=\"item\">\n\n\t\t\t\t    <div class=\"media\">\n\t\t\t        \t\t\t\t        \t<img decoding=\"async\" src=\"https:\/\/i0.wp.com\/www.necmettintetik.com\/wp-content\/uploads\/2022\/11\/dfsz-scaled.jpg?fit=2560%2C1706&#038;ssl=1\" alt=\"\u0130NSANLI\u011eIN 60.YA\u015e G\u00dcN\u00dc!\">\n\t\t\t\t\t\t\t\t\t        <\/div>\n\n\t\t\t\t    <div class=\"content\">\n\t\t\t\t        <ul class=\"post-meta\">\n\t\t\t\t\t    \t\n\t\t\t\t\t\t    \n\t\t\t\t\t\t\t\t\t\t\t\t\t\t\n\t\t\t\t\t    <\/ul>\n\t\t\t\t\t\n\n\t\t\t\t\t\t\t\t\t\t            <h2 class=\"post-title\">\n\t\t\t\t\t\t        <a href=\"https:\/\/www.necmettintetik.com\/index.php\/2022\/11\/15\/insanligin-60-yas-gunu\/\" rel=\"bookmark\" title=\"\u0130NSANLI\u011eIN 60.YA\u015e G\u00dcN\u00dc!\">\n\t\t\t\t\t\t          \u0130NSANLI\u011eIN 60.YA\u015e G\u00dcN\u00dc!\t\t\t\t\t\t        <\/a>\n\t\t\t\t\t\t    <\/h2>\n\t\t\t\t\t    \t\t\t\t\t   \n\t\t\t\t\t<\/div>\n\t\t\t\t\t\n\t\t\t\t<\/li>\t\n\t\t\t\t\t\n\t\t\t\t\t\t\t<li class=\"item\">\n\n\t\t\t\t    <div class=\"media\">\n\t\t\t        \t\t\t\t        \t<img decoding=\"async\" src=\"https:\/\/i0.wp.com\/www.necmettintetik.com\/wp-content\/uploads\/2022\/11\/dsz.jpg?fit=1921%2C1281&#038;ssl=1\" alt=\"SEVG\u0130L\u0130 KARDE\u015e\u0130M\">\n\t\t\t\t\t\t\t\t\t        <\/div>\n\n\t\t\t\t    <div class=\"content\">\n\t\t\t\t        <ul class=\"post-meta\">\n\t\t\t\t\t    \t\n\t\t\t\t\t\t    \n\t\t\t\t\t\t\t\t\t\t\t\t\t\t\n\t\t\t\t\t    <\/ul>\n\t\t\t\t\t\n\n\t\t\t\t\t\t\t\t\t\t            <h2 class=\"post-title\">\n\t\t\t\t\t\t        <a href=\"https:\/\/www.necmettintetik.com\/index.php\/2022\/11\/23\/sevgili-kardesim\/\" rel=\"bookmark\" title=\"SEVG\u0130L\u0130 KARDE\u015e\u0130M\">\n\t\t\t\t\t\t          SEVG\u0130L\u0130 KARDE\u015e\u0130M\t\t\t\t\t\t        <\/a>\n\t\t\t\t\t\t    <\/h2>\n\t\t\t\t\t    \t\t\t\t\t   \n\t\t\t\t\t<\/div>\n\t\t\t\t\t\n\t\t\t\t<\/li>\t\n\t\t\t\t\t\n\t\t\t\t\t\t\t<li class=\"item\">\n\n\t\t\t\t    <div class=\"media\">\n\t\t\t        \t\t\t\t        \t<img decoding=\"async\" src=\"https:\/\/i0.wp.com\/www.necmettintetik.com\/wp-content\/uploads\/2022\/11\/1655202568402-kadina-siddete-hayir-son.jpg?fit=1920%2C1280&#038;ssl=1\" alt=\"B\u0130Z KADINLARI \u00c7OK SEVER\u0130Z!\">\n\t\t\t\t\t\t\t\t\t        <\/div>\n\n\t\t\t\t    <div class=\"content\">\n\t\t\t\t        <ul class=\"post-meta\">\n\t\t\t\t\t    \t\n\t\t\t\t\t\t    \n\t\t\t\t\t\t\t\t\t\t\t\t\t\t\n\t\t\t\t\t    <\/ul>\n\t\t\t\t\t\n\n\t\t\t\t\t\t\t\t\t\t            <h2 class=\"post-title\">\n\t\t\t\t\t\t        <a href=\"https:\/\/www.necmettintetik.com\/index.php\/2022\/11\/25\/biz-kadinlari-cok-severiz\/\" rel=\"bookmark\" title=\"B\u0130Z KADINLARI \u00c7OK SEVER\u0130Z!\">\n\t\t\t\t\t\t          B\u0130Z KADINLARI \u00c7OK SEVER\u0130Z!\t\t\t\t\t\t        <\/a>\n\t\t\t\t\t\t    <\/h2>\n\t\t\t\t\t    \t\t\t\t\t   \n\t\t\t\t\t<\/div>\n\t\t\t\t\t\n\t\t\t\t<\/li>\t\n\t\t\t\t\t\n\t\t\t\t\t<\/ul>\n\t\t\n\t\t\n\t\t\t\t<\/div>\n\t\t\t\t<\/div>\n\t\t\t\t\t<\/div>\n\t\t<\/div>\n\t\t\t\t\t\t\t<\/div>\n\t\t<\/section>\n\t\t\t\t<section class=\"elementor-section elementor-top-section elementor-element elementor-element-b55fcef elementor-section-boxed elementor-section-height-default elementor-section-height-default\" data-id=\"b55fcef\" data-element_type=\"section\" data-settings=\"{&quot;background_background&quot;:&quot;classic&quot;}\">\n\t\t\t\t\t\t<div class=\"elementor-container elementor-column-gap-default\">\n\t\t\t\t\t<div class=\"elementor-column elementor-col-25 elementor-top-column elementor-element elementor-element-18a464a\" data-id=\"18a464a\" data-element_type=\"column\">\n\t\t\t<div class=\"elementor-widget-wrap elementor-element-populated\">\n\t\t\t\t\t\t\t\t<div class=\"elementor-element elementor-element-f22d745 elementor-widget__width-auto elementor-widget elementor-widget-image\" data-id=\"f22d745\" data-element_type=\"widget\" data-widget_type=\"image.default\">\n\t\t\t\t<div class=\"elementor-widget-container\">\n\t\t\t<style>\/*! elementor - v3.8.0 - 30-10-2022 *\/\n.elementor-widget-image{text-align:center}.elementor-widget-image a{display:inline-block}.elementor-widget-image a img[src$=\".svg\"]{width:48px}.elementor-widget-image img{vertical-align:middle;display:inline-block}<\/style>\t\t\t\t\t\t\t\t\t\t\t\t\t<a href=\"https:\/\/open.spotify.com\/show\/6x2F71KStKFqHLDudibtBV?si=I8nVLDKjTk22cZQEDPC5zQ&#038;nd=1\">\n\t\t\t\t\t\t\t<img loading=\"lazy\" decoding=\"async\" width=\"128\" height=\"39\" src=\"https:\/\/i0.wp.com\/www.necmettintetik.com\/wp-content\/uploads\/2022\/05\/03.png?fit=128%2C39&amp;ssl=1\" class=\"attachment-large size-large\" alt=\"\" \/>\t\t\t\t\t\t\t\t<\/a>\n\t\t\t\t\t\t\t\t\t\t\t\t\t\t\t<\/div>\n\t\t\t\t<\/div>\n\t\t\t\t\t<\/div>\n\t\t<\/div>\n\t\t\t\t<div class=\"elementor-column elementor-col-25 elementor-top-column elementor-element elementor-element-f71eeb8\" data-id=\"f71eeb8\" data-element_type=\"column\">\n\t\t\t<div class=\"elementor-widget-wrap elementor-element-populated\">\n\t\t\t\t\t\t\t\t<div class=\"elementor-element elementor-element-2f03983 elementor-widget__width-auto elementor-widget elementor-widget-image\" data-id=\"2f03983\" data-element_type=\"widget\" data-widget_type=\"image.default\">\n\t\t\t\t<div class=\"elementor-widget-container\">\n\t\t\t\t\t\t\t\t\t\t\t\t\t\t\t\t<a href=\"https:\/\/podcasts.apple.com\/us\/podcast\/gece-masalc%C4%B1s%C4%B1\/id1502266699?uo=4\">\n\t\t\t\t\t\t\t<img loading=\"lazy\" decoding=\"async\" width=\"199\" height=\"40\" src=\"https:\/\/i0.wp.com\/www.necmettintetik.com\/wp-content\/uploads\/2022\/05\/02.png?fit=199%2C40&amp;ssl=1\" class=\"attachment-large size-large\" alt=\"\" \/>\t\t\t\t\t\t\t\t<\/a>\n\t\t\t\t\t\t\t\t\t\t\t\t\t\t\t<\/div>\n\t\t\t\t<\/div>\n\t\t\t\t\t<\/div>\n\t\t<\/div>\n\t\t\t\t<div class=\"elementor-column elementor-col-25 elementor-top-column elementor-element elementor-element-79db08f\" data-id=\"79db08f\" data-element_type=\"column\">\n\t\t\t<div class=\"elementor-widget-wrap elementor-element-populated\">\n\t\t\t\t\t\t\t\t<div class=\"elementor-element elementor-element-2d0ad26 elementor-widget__width-auto elementor-widget elementor-widget-image\" data-id=\"2d0ad26\" data-element_type=\"widget\" data-widget_type=\"image.default\">\n\t\t\t\t<div class=\"elementor-widget-container\">\n\t\t\t\t\t\t\t\t\t\t\t\t\t\t\t\t<a href=\"https:\/\/podcasts.google.com\/feed\/aHR0cHM6Ly9hbmNob3IuZm0vcy8xMzkxOGMyNC9wb2RjYXN0L3Jzcw==\">\n\t\t\t\t\t\t\t<img loading=\"lazy\" decoding=\"async\" width=\"246\" height=\"48\" src=\"https:\/\/i0.wp.com\/www.necmettintetik.com\/wp-content\/uploads\/2022\/05\/05.png?fit=246%2C48&amp;ssl=1\" class=\"attachment-large size-large\" alt=\"\" \/>\t\t\t\t\t\t\t\t<\/a>\n\t\t\t\t\t\t\t\t\t\t\t\t\t\t\t<\/div>\n\t\t\t\t<\/div>\n\t\t\t\t\t<\/div>\n\t\t<\/div>\n\t\t\t\t<div class=\"elementor-column elementor-col-25 elementor-top-column elementor-element elementor-element-8ec4bac\" data-id=\"8ec4bac\" data-element_type=\"column\">\n\t\t\t<div class=\"elementor-widget-wrap elementor-element-populated\">\n\t\t\t\t\t\t\t\t<div class=\"elementor-element elementor-element-96a9f43 elementor-widget__width-auto elementor-widget elementor-widget-image\" data-id=\"96a9f43\" data-element_type=\"widget\" data-widget_type=\"image.default\">\n\t\t\t\t<div class=\"elementor-widget-container\">\n\t\t\t\t\t\t\t\t\t\t\t\t\t\t\t\t<a href=\"https:\/\/anchor.fm\/necmettintetik\">\n\t\t\t\t\t\t\t<img loading=\"lazy\" decoding=\"async\" width=\"201\" height=\"62\" src=\"https:\/\/i0.wp.com\/www.necmettintetik.com\/wp-content\/uploads\/2022\/11\/dfa.png?fit=201%2C62&amp;ssl=1\" class=\"attachment-large size-large\" alt=\"\" \/>\t\t\t\t\t\t\t\t<\/a>\n\t\t\t\t\t\t\t\t\t\t\t\t\t\t\t<\/div>\n\t\t\t\t<\/div>\n\t\t\t\t\t<\/div>\n\t\t<\/div>\n\t\t\t\t\t\t\t<\/div>\n\t\t<\/section>\n\t\t\t\t\t\t\t<\/div>\n\t\t","protected":false},"excerpt":{"rendered":"<p>\u0130NSANLI\u011eIN 60.YA\u015e G\u00dcN\u00dc!<\/p>\n","protected":false},"author":1,"featured_media":0,"parent":0,"menu_order":0,"comment_status":"closed","ping_status":"closed","template":"elementor_header_footer","meta":{"footnotes":""},"class_list":["post-25","page","type-page","status-publish","hentry"],"jetpack_sharing_enabled":true,"jetpack_likes_enabled":false,"_links":{"self":[{"href":"https:\/\/www.necmettintetik.com\/index.php\/wp-json\/wp\/v2\/pages\/25","targetHints":{"allow":["GET"]}}],"collection":[{"href":"https:\/\/www.necmettintetik.com\/index.php\/wp-json\/wp\/v2\/pages"}],"about":[{"href":"https:\/\/www.necmettintetik.com\/index.php\/wp-json\/wp\/v2\/types\/page"}],"author":[{"embeddable":true,"href":"https:\/\/www.necmettintetik.com\/index.php\/wp-json\/wp\/v2\/users\/1"}],"replies":[{"embeddable":true,"href":"https:\/\/www.necmettintetik.com\/index.php\/wp-json\/wp\/v2\/comments?post=25"}],"version-history":[{"count":118,"href":"https:\/\/www.necmettintetik.com\/index.php\/wp-json\/wp\/v2\/pages\/25\/revisions"}],"predecessor-version":[{"id":4045,"href":"https:\/\/www.necmettintetik.com\/index.php\/wp-json\/wp\/v2\/pages\/25\/revisions\/4045"}],"wp:attachment":[{"href":"https:\/\/www.necmettintetik.com\/index.php\/wp-json\/wp\/v2\/media?parent=25"}],"curies":[{"name":"wp","href":"https:\/\/api.w.org\/{rel}","templated":true}]}}