{"id":29,"date":"2022-05-30T02:18:01","date_gmt":"2022-05-30T02:18:01","guid":{"rendered":"https:\/\/demo.ovatheme.com\/podover\/?page_id=29"},"modified":"2024-04-30T21:05:37","modified_gmt":"2024-04-30T21:05:37","slug":"hakkimda","status":"publish","type":"page","link":"https:\/\/www.necmettintetik.com\/index.php\/hakkimda\/","title":{"rendered":"Hakk\u0131mda"},"content":{"rendered":"\t\t<div data-elementor-type=\"wp-page\" data-elementor-id=\"29\" class=\"elementor elementor-29\">\n\t\t\t\t\t\t\t\t\t<section class=\"elementor-section elementor-top-section elementor-element elementor-element-b731699 elementor-section-boxed elementor-section-height-default elementor-section-height-default\" data-id=\"b731699\" data-element_type=\"section\">\n\t\t\t\t\t\t<div class=\"elementor-container elementor-column-gap-default\">\n\t\t\t\t\t<div class=\"elementor-column elementor-col-50 elementor-top-column elementor-element elementor-element-7929c80 elementor-hidden-tablet elementor-hidden-mobile\" data-id=\"7929c80\" data-element_type=\"column\" data-settings=\"{&quot;background_background&quot;:&quot;classic&quot;}\">\n\t\t\t<div class=\"elementor-widget-wrap elementor-element-populated\">\n\t\t\t\t\t\t\t\t<div class=\"elementor-element elementor-element-bc8f2d9 elementor-widget__width-auto elementor-absolute elementor-widget elementor-widget-image\" data-id=\"bc8f2d9\" data-element_type=\"widget\" data-settings=\"{&quot;_position&quot;:&quot;absolute&quot;}\" data-widget_type=\"image.default\">\n\t\t\t\t<div class=\"elementor-widget-container\">\n\t\t\t<style>\/*! elementor - v3.8.0 - 30-10-2022 *\/\n.elementor-widget-image{text-align:center}.elementor-widget-image a{display:inline-block}.elementor-widget-image a img[src$=\".svg\"]{width:48px}.elementor-widget-image img{vertical-align:middle;display:inline-block}<\/style>\t\t\t\t\t\t\t\t\t\t\t\t<img loading=\"lazy\" decoding=\"async\" width=\"800\" height=\"800\" src=\"https:\/\/i0.wp.com\/www.necmettintetik.com\/wp-content\/uploads\/2022\/11\/ed.jpg?fit=800%2C800&amp;ssl=1\" class=\"attachment-large size-large\" alt=\"\" srcset=\"https:\/\/i0.wp.com\/www.necmettintetik.com\/wp-content\/uploads\/2022\/11\/ed.jpg?w=1024&amp;ssl=1 1024w, https:\/\/i0.wp.com\/www.necmettintetik.com\/wp-content\/uploads\/2022\/11\/ed.jpg?resize=300%2C300&amp;ssl=1 300w, https:\/\/i0.wp.com\/www.necmettintetik.com\/wp-content\/uploads\/2022\/11\/ed.jpg?resize=150%2C150&amp;ssl=1 150w, https:\/\/i0.wp.com\/www.necmettintetik.com\/wp-content\/uploads\/2022\/11\/ed.jpg?resize=768%2C768&amp;ssl=1 768w\" sizes=\"auto, (max-width: 800px) 100vw, 800px\" \/>\t\t\t\t\t\t\t\t\t\t\t\t\t\t\t<\/div>\n\t\t\t\t<\/div>\n\t\t\t\t<div class=\"elementor-element elementor-element-13540da elementor-widget__width-auto elementor-absolute elementor-widget elementor-widget-image\" data-id=\"13540da\" data-element_type=\"widget\" data-settings=\"{&quot;_position&quot;:&quot;absolute&quot;}\" data-widget_type=\"image.default\">\n\t\t\t\t<div class=\"elementor-widget-container\">\n\t\t\t\t\t\t\t\t\t\t\t\t\t\t\t<img loading=\"lazy\" decoding=\"async\" width=\"800\" height=\"800\" src=\"https:\/\/i0.wp.com\/www.necmettintetik.com\/wp-content\/uploads\/2022\/11\/nt.jpg?fit=800%2C800&amp;ssl=1\" class=\"attachment-large size-large\" alt=\"Necmettin Tetik\" srcset=\"https:\/\/i0.wp.com\/www.necmettintetik.com\/wp-content\/uploads\/2022\/11\/nt.jpg?w=1024&amp;ssl=1 1024w, https:\/\/i0.wp.com\/www.necmettintetik.com\/wp-content\/uploads\/2022\/11\/nt.jpg?resize=300%2C300&amp;ssl=1 300w, https:\/\/i0.wp.com\/www.necmettintetik.com\/wp-content\/uploads\/2022\/11\/nt.jpg?resize=150%2C150&amp;ssl=1 150w, https:\/\/i0.wp.com\/www.necmettintetik.com\/wp-content\/uploads\/2022\/11\/nt.jpg?resize=768%2C768&amp;ssl=1 768w\" sizes=\"auto, (max-width: 800px) 100vw, 800px\" \/>\t\t\t\t\t\t\t\t\t\t\t\t\t\t\t<\/div>\n\t\t\t\t<\/div>\n\t\t\t\t<div class=\"elementor-element elementor-element-bd40ce2 elementor-widget__width-initial elementor-absolute elementor-widget elementor-widget-image\" data-id=\"bd40ce2\" data-element_type=\"widget\" data-settings=\"{&quot;_position&quot;:&quot;absolute&quot;}\" data-widget_type=\"image.default\">\n\t\t\t\t<div class=\"elementor-widget-container\">\n\t\t\t\t\t\t\t\t\t\t\t\t\t\t\t<img loading=\"lazy\" decoding=\"async\" width=\"430\" height=\"425\" src=\"https:\/\/i0.wp.com\/www.necmettintetik.com\/wp-content\/uploads\/2022\/06\/1.png?fit=430%2C425&amp;ssl=1\" class=\"attachment-large size-large\" alt=\"\" srcset=\"https:\/\/i0.wp.com\/www.necmettintetik.com\/wp-content\/uploads\/2022\/06\/1.png?w=430&amp;ssl=1 430w, https:\/\/i0.wp.com\/www.necmettintetik.com\/wp-content\/uploads\/2022\/06\/1.png?resize=300%2C297&amp;ssl=1 300w\" sizes=\"auto, (max-width: 430px) 100vw, 430px\" \/>\t\t\t\t\t\t\t\t\t\t\t\t\t\t\t<\/div>\n\t\t\t\t<\/div>\n\t\t\t\t\t<\/div>\n\t\t<\/div>\n\t\t\t\t<div class=\"elementor-column elementor-col-50 elementor-top-column elementor-element elementor-element-1ed3456\" data-id=\"1ed3456\" data-element_type=\"column\">\n\t\t\t<div class=\"elementor-widget-wrap elementor-element-populated\">\n\t\t\t\t\t\t\t\t<div class=\"elementor-element elementor-element-484a5c0 elementor-widget elementor-widget-podover_elementor_heading\" data-id=\"484a5c0\" data-element_type=\"widget\" data-widget_type=\"podover_elementor_heading.default\">\n\t\t\t\t<div class=\"elementor-widget-container\">\n\t\t\t\t\t<div class=\"ova-title\">\n\n\t\t\t\n\t\t\t\t\t\t\t\t\t\t\t\t\t<p class=\"title\">\n\t\t\t\t\t\t\tNecmettin Tetik\t\t\t\t\t\t<\/p>\n\n\t\t\t\t\t\t\t\n\t\t\t\t\t\t\t<p class=\"description\"> 1976 y\u0131l\u0131nda \u0130zmir\u2019de 3 Cuma depremi olarak bilinen depremlerin sonuncusunda d\u00fcnyaya gelmi\u015ftir.\n\n9 Eyl\u00fcl \u00dcniversitesi G\u00fczel Sanatlar Fak\u00fcltesi Tiyatro Dramatik Yazarl\u0131k B\u00f6l\u00fcm\u00fcn\u00fc bitiren Tetik,  \u201cSuat Ta\u015fer Ulusal K\u0131sa Oyun Yar\u0131\u015fmas\u0131\u201dn\u0131 \u00fcst \u00fcste iki defa kazanm\u0131\u015ft\u0131r. Radyo ve televizyonlara bir\u00e7ok program haz\u0131rlay\u0131p, yazar, yap\u0131mc\u0131 ve sunucu olarak meslek hayat\u0131nda y\u00fckselerek uzun y\u0131llar seslendirme yapm\u0131\u015ft\u0131r.\n\n\u200b\u201cMikrofondaki hayalet, Geceyar\u0131s\u0131 Hikayeleri, Geceden Sabaha, Meddah Hikayeleri, Gecenin Sesi, Bili\u015fim R\u00fczgar\u0131, Zeus ve Di\u011ferleri, Pabucu Yar\u0131m, Gecenin \u0130\u00e7inden, D\u00fc\u015f Saraylar\u0131, Vefa Borcu, At\u00e7\u0131 Mahmut, S\u00fcper Babaanne, Bin Y\u0131l\u0131n Son Mezat\u0131, Sela, K\u0131\u015f G\u00fcne\u015fi\u201d eserlerinden baz\u0131lar\u0131d\u0131r.\n\n\u200bAyr\u0131ca, \u201cK\u00fc\u00e7\u00fck Korsan\u201d adl\u0131 oyunu Van Devlet Tiyatrosu, \u201cBuras\u0131 Kapal\u0131\u00e7ar\u015f\u0131!\u201d isimli m\u00fczikali de Akademi \u0130stanbul E\u011fitim, K\u00fclt\u00fcr ve Sanat Vakf\u0131 taraf\u0131ndan sahnelenmi\u015ftir\n\nBir\u00e7ok oyunda dramaturg olarak g\u00f6rev alan Tetik, TRT, Devlet Tiyatrolar\u0131, NTV ve History Channel USA gibi kurumlarla \u00e7al\u0131\u015fm\u0131\u015f ve ba\u015far\u0131lar\u0131n\u0131 gen\u00e7 ya\u015f\u0131na kar\u015f\u0131n \u00e7ok say\u0131da \u00f6d\u00fclle ta\u00e7land\u0131rm\u0131\u015ft\u0131r. Bunlardan en \u00f6nemlisi, T\u00fcrkiye\u2019de bug\u00fcne kadar \u201cSedat Simavi \u00d6d\u00fcl\u00fc\u201dn\u00fc kazanan en gen\u00e7 insanlardan biri olmas\u0131d\u0131r.\n\n\u200bBir s\u00fcre, Ekonomi \u00dcniversitesi\u2019nde \u00d6\u011fretim \u00dcyeli\u011fi de yapan Necmettin Tetik, uzun y\u0131llar T\u00fcrkiye B\u00fcy\u00fck Millet Meclisi\u2019nde Milletvekilli Dan\u0131\u015fmanl\u0131\u011f\u0131 ve \u00fcst d\u00fczey Siyasi \u0130leti\u015fim Dan\u0131\u015fmanl\u0131\u011f\u0131 g\u00f6revlerinde bulunmu\u015f ve bir\u00e7ok yerli-yabanc\u0131 firmalaya da \u201cKurumsal \u0130leti\u015fim Dan\u0131\u015fmanl\u0131\u011f\u0131\u201d yapm\u0131\u015ft\u0131r.\n\n\u200bY\u00fcksek Lisans\u0131n\u0131 \u201cGeleneksel T\u00fcrk Tiyatrosu\u2019nda do\u011fa\u00fcst\u00fc motiflerle Meddahl\u0131k ve hikaye anlat\u0131c\u0131l\u0131\u011f\u0131\u201d alan\u0131nda yapm\u0131\u015ft\u0131r. Ayn\u0131 zamanda \u0130leti\u015fim ve Beden dili uzman\u0131 olup; Yazarl\u0131k, Diksiyon, Beden dili ve Podcast e\u011fitimleri  ba\u015fta olmak \u00fczere bir\u00e7ok alanda seminerler verip, e\u011fitmenlik yapmaktad\u0131r.\n\n\u200b70&#039;ten fazla \u00fclkeden dinleyicisi bulunan \u201cGece Masalc\u0131s\u0131\u201d ve \u201c\u0130MZA\u201d adl\u0131 podcastleri halen Spotify ve Apple Podcasts ba\u015fta olmak \u00fczere ilgili platformlarda devam etmektedir. <\/p>\n\t\t\t\n\t\t<\/div> \n\t\t\t\t<\/div>\n\t\t\t\t<\/div>\n\t\t\t\t\t<\/div>\n\t\t<\/div>\n\t\t\t\t\t\t\t<\/div>\n\t\t<\/section>\n\t\t\t\t<section class=\"elementor-section elementor-top-section elementor-element elementor-element-74af206 elementor-section-boxed elementor-section-height-default elementor-section-height-default\" data-id=\"74af206\" data-element_type=\"section\">\n\t\t\t\t\t\t<div class=\"elementor-container elementor-column-gap-no\">\n\t\t\t\t\t<div class=\"elementor-column elementor-col-25 elementor-top-column elementor-element elementor-element-b547e81\" data-id=\"b547e81\" data-element_type=\"column\">\n\t\t\t<div class=\"elementor-widget-wrap elementor-element-populated\">\n\t\t\t\t\t\t\t\t<div class=\"elementor-element elementor-element-e231ebd elementor-widget elementor-widget-image\" data-id=\"e231ebd\" data-element_type=\"widget\" data-widget_type=\"image.default\">\n\t\t\t\t<div class=\"elementor-widget-container\">\n\t\t\t\t\t\t\t\t\t\t\t\t\t\t\t\t<a href=\"https:\/\/open.spotify.com\/show\/6x2F71KStKFqHLDudibtBV?si=I8nVLDKjTk22cZQEDPC5zQ&#038;nd=1\">\n\t\t\t\t\t\t\t<img loading=\"lazy\" decoding=\"async\" width=\"128\" height=\"39\" src=\"https:\/\/i0.wp.com\/www.necmettintetik.com\/wp-content\/uploads\/2022\/06\/02.png?fit=128%2C39&amp;ssl=1\" class=\"attachment-large size-large\" alt=\"\" \/>\t\t\t\t\t\t\t\t<\/a>\n\t\t\t\t\t\t\t\t\t\t\t\t\t\t\t<\/div>\n\t\t\t\t<\/div>\n\t\t\t\t\t<\/div>\n\t\t<\/div>\n\t\t\t\t<div class=\"elementor-column elementor-col-25 elementor-top-column elementor-element elementor-element-54183a5\" data-id=\"54183a5\" data-element_type=\"column\">\n\t\t\t<div class=\"elementor-widget-wrap elementor-element-populated\">\n\t\t\t\t\t\t\t\t<div class=\"elementor-element elementor-element-a7645d0 elementor-widget elementor-widget-image\" data-id=\"a7645d0\" data-element_type=\"widget\" data-widget_type=\"image.default\">\n\t\t\t\t<div class=\"elementor-widget-container\">\n\t\t\t\t\t\t\t\t\t\t\t\t\t\t\t\t<a href=\"https:\/\/podcasts.apple.com\/us\/podcast\/gece-masalc%C4%B1s%C4%B1\/id1502266699?uo=4\">\n\t\t\t\t\t\t\t<img loading=\"lazy\" decoding=\"async\" width=\"199\" height=\"40\" src=\"https:\/\/i0.wp.com\/www.necmettintetik.com\/wp-content\/uploads\/2022\/06\/04.png?fit=199%2C40&amp;ssl=1\" class=\"attachment-large size-large\" alt=\"\" \/>\t\t\t\t\t\t\t\t<\/a>\n\t\t\t\t\t\t\t\t\t\t\t\t\t\t\t<\/div>\n\t\t\t\t<\/div>\n\t\t\t\t\t<\/div>\n\t\t<\/div>\n\t\t\t\t<div class=\"elementor-column elementor-col-25 elementor-top-column elementor-element elementor-element-272e218\" data-id=\"272e218\" data-element_type=\"column\">\n\t\t\t<div class=\"elementor-widget-wrap elementor-element-populated\">\n\t\t\t\t\t\t\t\t<div class=\"elementor-element elementor-element-7637b38 elementor-widget elementor-widget-image\" data-id=\"7637b38\" data-element_type=\"widget\" data-widget_type=\"image.default\">\n\t\t\t\t<div class=\"elementor-widget-container\">\n\t\t\t\t\t\t\t\t\t\t\t\t\t\t\t\t<a href=\"https:\/\/podcasts.google.com\/feed\/aHR0cHM6Ly9hbmNob3IuZm0vcy8xMzkxOGMyNC9wb2RjYXN0L3Jzcw==\">\n\t\t\t\t\t\t\t<img loading=\"lazy\" decoding=\"async\" width=\"246\" height=\"48\" src=\"https:\/\/i0.wp.com\/www.necmettintetik.com\/wp-content\/uploads\/2022\/06\/05.png?fit=246%2C48&amp;ssl=1\" class=\"attachment-large size-large\" alt=\"\" \/>\t\t\t\t\t\t\t\t<\/a>\n\t\t\t\t\t\t\t\t\t\t\t\t\t\t\t<\/div>\n\t\t\t\t<\/div>\n\t\t\t\t\t<\/div>\n\t\t<\/div>\n\t\t\t\t<div class=\"elementor-column elementor-col-25 elementor-top-column elementor-element elementor-element-cbaa777\" data-id=\"cbaa777\" data-element_type=\"column\">\n\t\t\t<div class=\"elementor-widget-wrap elementor-element-populated\">\n\t\t\t\t\t\t\t\t<div class=\"elementor-element elementor-element-5d05c28 elementor-widget elementor-widget-image\" data-id=\"5d05c28\" data-element_type=\"widget\" data-widget_type=\"image.default\">\n\t\t\t\t<div class=\"elementor-widget-container\">\n\t\t\t\t\t\t\t\t\t\t\t\t\t\t\t\t<a href=\"https:\/\/anchor.fm\/necmettintetik\">\n\t\t\t\t\t\t\t<img loading=\"lazy\" decoding=\"async\" width=\"201\" height=\"62\" src=\"https:\/\/i0.wp.com\/www.necmettintetik.com\/wp-content\/uploads\/2022\/11\/dfa.png?fit=201%2C62&amp;ssl=1\" class=\"attachment-large size-large\" alt=\"\" \/>\t\t\t\t\t\t\t\t<\/a>\n\t\t\t\t\t\t\t\t\t\t\t\t\t\t\t<\/div>\n\t\t\t\t<\/div>\n\t\t\t\t\t<\/div>\n\t\t<\/div>\n\t\t\t\t\t\t\t<\/div>\n\t\t<\/section>\n\t\t\t\t\t\t\t<\/div>\n\t\t","protected":false},"excerpt":{"rendered":"<p>Necmettin Tetik 1976 y\u0131l\u0131nda \u0130zmir\u2019de 3 Cuma depremi olarak bilinen depremlerin sonuncusunda d\u00fcnyaya gelmi\u015ftir. 9 Eyl\u00fcl \u00dcniversitesi G\u00fczel Sanatlar Fak\u00fcltesi Tiyatro Dramatik Yazarl\u0131k B\u00f6l\u00fcm\u00fcn\u00fc bitiren Tetik, \u201cSuat Ta\u015fer Ulusal K\u0131sa Oyun Yar\u0131\u015fmas\u0131\u201dn\u0131 \u00fcst \u00fcste iki defa kazanm\u0131\u015ft\u0131r. Radyo ve televizyonlara bir\u00e7ok program haz\u0131rlay\u0131p, yazar, yap\u0131mc\u0131 ve sunucu olarak meslek hayat\u0131nda y\u00fckselerek uzun y\u0131llar seslendirme yapm\u0131\u015ft\u0131r. [&hellip;]<\/p>\n","protected":false},"author":1,"featured_media":0,"parent":0,"menu_order":0,"comment_status":"closed","ping_status":"closed","template":"elementor_header_footer","meta":{"footnotes":""},"class_list":["post-29","page","type-page","status-publish","hentry"],"jetpack_sharing_enabled":true,"jetpack_likes_enabled":false,"_links":{"self":[{"href":"https:\/\/www.necmettintetik.com\/index.php\/wp-json\/wp\/v2\/pages\/29","targetHints":{"allow":["GET"]}}],"collection":[{"href":"https:\/\/www.necmettintetik.com\/index.php\/wp-json\/wp\/v2\/pages"}],"about":[{"href":"https:\/\/www.necmettintetik.com\/index.php\/wp-json\/wp\/v2\/types\/page"}],"author":[{"embeddable":true,"href":"https:\/\/www.necmettintetik.com\/index.php\/wp-json\/wp\/v2\/users\/1"}],"replies":[{"embeddable":true,"href":"https:\/\/www.necmettintetik.com\/index.php\/wp-json\/wp\/v2\/comments?post=29"}],"version-history":[{"count":36,"href":"https:\/\/www.necmettintetik.com\/index.php\/wp-json\/wp\/v2\/pages\/29\/revisions"}],"predecessor-version":[{"id":4206,"href":"https:\/\/www.necmettintetik.com\/index.php\/wp-json\/wp\/v2\/pages\/29\/revisions\/4206"}],"wp:attachment":[{"href":"https:\/\/www.necmettintetik.com\/index.php\/wp-json\/wp\/v2\/media?parent=29"}],"curies":[{"name":"wp","href":"https:\/\/api.w.org\/{rel}","templated":true}]}}